 is divided by 9?
7
Suppose 20 = 2*v - 7*v. Let s = 14 - v. What is the remainder when s is divided by 10?
8
Calculate the remainder when -1 - (2 + 196/(-4)) is divided by 25.
21
Suppose -5*u + 15 = -3*x, 4*x + 2 = 2*u - 4. Suppose 3*c = 6*c - 12, -2*g + 26 = 4*c. Calculate the remainder when g is divided by u.
2
Let y(s) = -s**3 - 5*s**2 + 3*s - 3. Let b be y(-5). Let c = b - -21. What is the remainder when c is divided by (-4)/(-3)*(-3)/(-2)?
1
Let j(d) = d**2 + 3*d - 14. What is the remainder when 6 is divided by j(-6)?
2
Suppose y = 3*y - 4. Suppose 0 = y*f - 2 - 14. Calculate the remainder when 29 is divided by f.
5
Let l(n) = -2*n**2 - 4*n + n**2 + 6 + 2*n**2. Suppose 4*q - 4 = 3*c + 25, 2*q - 2*c - 14 = 0. What is the remainder when l(q) is divided by 13?
12
What is the remainder when 5 - -150 - 0 - 0 is divided by 39?
38
Let j = 32 + -27. What is the remainder when 19 is divided by j?
4
Suppose 2*j - 14 = -4*b, j + 3*b = 5*j - 61. Let s = 22 - j. Calculate the remainder when 7 is divided by (-30)/s*(-6)/5.
3
Calculate the remainder when -3 + 3 - (-1 + -255)/2 is divided by 11.
7
Let c = 67 - 46. Calculate the remainder when c is divided by 8.
5
Let c = -13 - -38. Suppose c = 4*x - 43. What is the remainder when x is divided by 6?
5
Suppose -4*s + 1 + 10 = y, 0 = s + y + 1. Suppose -5*m = -2*h, 0 = -5*m - 5*h - 20 - 15. What is the remainder when 204/28 + m/7 is divided by s?
3
Suppose 0*d + 4*d = 2*b - 46, 5*b = -4*d + 171. Calculate the remainder when 118 is divided by b.
25
Let a(y) = y**2 + y + 2. Suppose -93*s = -87*s - 258. What is the remainder when s is divided by a(-5)?
21
Suppose 9*h - 11*h = 2. Suppose -2*r = -f + 5, 5*f - 6*r - 39 = -3*r. Calculate the remainder when (-130)/15*h*3 is divided by f.
8
Let w = 91 + -33. Suppose 4*j - 3*j - w = 0. What is the remainder when j is divided by 15?
13
Suppose -27 = -2*i - 9. Calculate the remainder when 1/(-2) + 70/4 is divided by i.
8
Suppose s + 31 = f, 2*s - 7 = 5*f - 153. Let g = 25 + -15. Calculate the remainder when f is divided by g.
8
Let v(r) = r**3 + 8*r**2 - 7*r - 1. Let w be v(-9). Let k = w - -34. Suppose -41 = -4*j + k. What is the remainder when 39 is divided by j?
11
Let c(k) = k**3 + 5*k**2 - 6*k. Let b be c(-6). Suppose b = 3*n - 6 - 0. Suppose n*h - 12 = -0*h. Calculate the remainder when 23 is divided by h.
5
Let h = -58 - -76. Calculate the remainder when 233 is divided by h.
17
Suppose 133 = 2*y + x, 0*y = 5*y + x - 337. Suppose 3*n = 5*w - y, 0 = 2*w + 2*n - n - 36. What is the remainder when 31 is divided by w?
15
Calculate the remainder when (-24)/(-3)*(-14)/(-8) is divided by 2.
0
Suppose 4*v - u = 4 + 1, 2*u - 2 = -4*v. Calculate the remainder when v is divided by ((-6)/2 - -2)/(-1).
0
Let w(f) = -f**3 - 10*f**2 + f - 11. Calculate the remainder when w(-11) is divided by 34.
31
Let s(i) = 5*i**2 + 2*i - 2. Let l = 11 + -6. Suppose 3*k + 79 = 5*k + l*h, 56 = 3*k - 5*h. Calculate the remainder when k is divided by s(-2).
13
Suppose 2*r + 76 + 0 = 4*z, r = 4*z - 80. Calculate the remainder when z is divided by 12.
9
What is the remainder when 2/(-6) + (-636)/(-18) is divided by 19?
16
Let o be (-4)/2*2/4. Suppose 2*f = 14 + 2. Calculate the remainder when -1*2*o*7 is divided by f.
6
Let i(m) = m**3 - 14*m**2 + 13*m + 14. What is the remainder when 54 is divided by i(13)?
12
Suppose 0 = 3*b + o - 4*o - 18, -o - 3 = 0. Suppose -b*u + 78 = -0*u. Calculate the remainder when u is divided by 7.
5
Let c(h) be the first derivative of -7*h**2/2 - 2*h + 2. Calculate the remainder when c(-2) is divided by 3.
0
Suppose -6*j = -j + 20. What is the remainder when j/(-1)*3/2 is divided by (-12)/(-15)*(-10)/(-2)?
2
Let o = 11 - 5. Let b be ((-1)/(-1))/(o/(-66)). Let v(z) = -z**2 - 13*z - 16. What is the remainder when v(b) is divided by 4?
2
Let v = 92 - 48. What is the remainder when v is divided by 9?
8
Suppose 3*d + 0*r - 260 = -2*r, 0 = -d + 3*r + 105. What is the remainder when (-32)/(-3)*d/24 is divided by 21?
19
What is the remainder when (1/(-1))/((-16)/960) is divided by 21?
18
Suppose 0 = 5*j - 244 - 151. Suppose 37 = r + 5*g, -5*g + j = 2*r - 15. Calculate the remainder when r is divided by 15.
12
Let o(y) = y**3 - 2*y**2 + 4*y. Suppose -3*i = -2*i + 3*k + 9, k + 1 = -i. Calculate the remainder when (-2)/(((-5)/100)/1) is divided by o(i).
19
Let j be (-8)/6*(-3)/1. What is the remainder when j/(-6)*(-87)/2 is divided by -5*(1/1 + -3)?
9
Let d = -64 - -98. Calculate the remainder when d is divided by 4.
2
Let v(h) = 13*h**2. Let q = 116 + -67. Calculate the remainder when q is divided by v(1).
10
Suppose 4*p - 5*x + 16 = 0, p + 2*x = 11 - 2. Suppose p = -5*v + 11. What is the remainder when v is divided by 1?
0
Let u = -10 + 10. Suppose 3*p - 1 - 11 = u. What is the remainder when p is divided by 3?
1
Suppose 0 = -0*m + 3*m + 9. Let v(b) = -b**2 - 2*b. Let x be v(m). What is the remainder when 8/x*(-78)/8 is divided by 9?
8
Suppose 5*m - 128 = -3*g, 0 = -4*m + 4*g - 0*g + 96. What is the remainder when m is divided by 11?
3
Let h(x) = x**2 - 6*x - 16. What is the remainder when 114 is divided by h(11)?
36
Let t be 2/5 - 656/(-10). Let i be 4/(-10) - ((-1701)/15 - -3). Suppose -3*r = -3*c - t, 0*c + 5*c = -5*r + i. What is the remainder when r is divided by 8?
6
Suppose 0 = 4*n - 0*n + 16, 5*q - 2*n - 28 = 0. Suppose q*b + 57 = 3*c + b, 3*b = 4*c - 77. What is the remainder when 38 is divided by c?
18
Let k be ((-4)/3)/((-4)/162). Let x = 81 + -46. Let b = k - x. Calculate the remainder when b is divided by 7.
5
Suppose 0 = 5*k - 28 - 67. Let u = 4 - -3. Let t = 17 - u. Calculate the remainder when k is divided by t.
9
Suppose -w + 2 + 2 = 0. Suppose 3*i + 0*l - l - 6 = 0, -21 = -3*i - 4*l. Calculate the remainder when w is divided by i.
1
Let u = 160 - 59. Calculate the remainder when u is divided by 29.
14
Let v(q) = 2*q**3 + 2*q**3 - 2*q - q**2 - 3*q**3 - 1 + 3*q. Let d be v(0). What is the remainder when 16 is divided by (-1)/(21/(-18) - d)?
4
Suppose r - 35 = -2. Suppose 0 = -2*b - 0 + 4. Suppose -3*o + r = 3*y, -b*o - 2*y + 30 = 2*y. Calculate the remainder when 20 is divided by o.
6
Suppose 7*a = -35 + 140. Calculate the remainder when 59 is divided by a.
14
Suppose -1 = -b + 1. Let s be 2/(-6) - (-24)/18. What is the remainder when 2 is divided by (s/b)/((-4)/(-8))?
0
Let a = 40 - 36. What is the remainder when a is divided by 1?
0
Suppose b + b = 20. What is the remainder when b is divided by (396/363)/(6/33)?
4
Suppose w - 2*w = -47. Suppose -5*f + 22 = j, -6*j + 34 = -4*j + 5*f. What is the remainder when w is divided by j?
11
Let s(i) = i**3 - i**2 - 2*i - 1. Let c be s(4). Suppose -3*a + 2*q = -49, -4*q - q = 2*a - c. Calculate the remainder when 33 is divided by a.
16
Let n be (-2)/(-9) + (-18)/81. Let q be 2/8 - 38/(-8). Suppose n*b + q*b = -3*s + 23, 2*b = 4*s - 74. What is the remainder when s is divided by 9?
7
Suppose -132 = -2*m - 4*i, 2*m = 4*i + 125 + 23. Let w(c) = -c**2 + 12*c - 17. Calculate the remainder when m is divided by w(7).
16
Let s(d) = d. Suppose 3*w + 4 = -w. What is the remainder when w/(8/3 - 3) is divided by s(2)?
1
Let c(n) = 5*n**3 - n**2 - 4*n + 3. Suppose -b + 6 = 2*b. Calculate the remainder when c(b) is divided by 8.
7
What is the remainder when 2 - 21/15 - 1312/(-5) is divided by 67?
62
Let v = -67 - -112. Calculate the remainder when v is divided by 3.
0
Suppose -i + 4*u = -19, -u - 31 - 15 = -4*i. Calculate the remainder when 40 is divided by i.
7
Suppose 7*z - 17 = 6*z. Suppose -4*u + g + 130 = 0, -u - 5*g = -9 - 34. What is the remainder when u is divided by z?
16
Suppose 0 = 2*v + 3 - 7. Suppose -6 = -v*k + 2. Calculate the remainder when 6 is divided by k.
2
Let m = -24 - -44. What is the remainder when m is divided by 7?
6
Let f(c) = -c**2 - 3*c + 2. Let h be f(-3). Suppose 15 = 2*v - v + 4*z, -h*z = -3*v + 3. Calculate the remainder when 8 is divided by v.
2
Suppose 3*d + 2 + 1 = 0. Let n be d/4 + (-260)/(-16). Suppose -2*o = -6*o - 3*f + 43, -3*o + f + n = 0. What is the remainder when 19 is divided by o?
5
Let q(d) = d**3 + 3*d**2 - 4*d + 3. Let y be q(-4). Suppose -3 = 2*s + y. Let r = 21 + s. Calculate the remainder when r is divided by 10.
8
Let d = -68 - -89. Let q = 86 - 45. What is the remainder when